{"version":"1.0","provider_name":"R\u00e9gine Datin Photographie","provider_url":"https:\/\/reginedatin.com","author_name":"R\u00e9gine","author_url":"https:\/\/reginedatin.com\/index.php\/author\/admin7448\/","title":"Timbre postal, Porterie du Palais Ducal - Nancy &#171; R\u00e9gine Datin Photographie","type":"rich","width":600,"height":338,"html":"<blockquote class=\"wp-embedded-content\" data-secret=\"O3VNKBAdWi\"><a href=\"https:\/\/reginedatin.com\/index.php\/2016\/01\/02\/timbre-postal-porterie-du-palais-ducal-nancy\/\">Timbre postal, Porterie du Palais Ducal &#8211; Nancy<\/a><\/blockquote><iframe sandbox=\"allow-scripts\" security=\"restricted\" src=\"https:\/\/reginedatin.com\/index.php\/2016\/01\/02\/timbre-postal-porterie-du-palais-ducal-nancy\/embed\/#?secret=O3VNKBAdWi\" width=\"600\" height=\"338\" title=\"\u00ab\u00a0Timbre postal, Porterie du Palais Ducal &#8211; Nancy\u00a0\u00bb &#8212; R\u00e9gine Datin Photographie\" data-secret=\"O3VNKBAdWi\" frameborder=\"0\" marginwidth=\"0\" marginheight=\"0\" scrolling=\"no\" class=\"wp-embedded-content\"><\/iframe><script type=\"text\/javascript\">\n\/* <![CDATA[ *\/\n\/*! This file is auto-generated *\/\n!function(d,l){\"use strict\";l.querySelector&&d.addEventListener&&\"undefined\"!=typeof URL&&(d.wp=d.wp||{},d.wp.receiveEmbedMessage||(d.wp.receiveEmbedMessage=function(e){var t=e.data;if((t||t.secret||t.message||t.value)&&!\/[^a-zA-Z0-9]\/.test(t.secret)){for(var s,r,n,a=l.querySelectorAll('iframe[data-secret=\"'+t.secret+'\"]'),o=l.querySelectorAll('blockquote[data-secret=\"'+t.secret+'\"]'),c=new RegExp(\"^https?:$\",\"i\"),i=0;i<o.length;i++)o[i].style.display=\"none\";for(i=0;i<a.length;i++)s=a[i],e.source===s.contentWindow&&(s.removeAttribute(\"style\"),\"height\"===t.message?(1e3<(r=parseInt(t.value,10))?r=1e3:~~r<200&&(r=200),s.height=r):\"link\"===t.message&&(r=new URL(s.getAttribute(\"src\")),n=new URL(t.value),c.test(n.protocol))&&n.host===r.host&&l.activeElement===s&&(d.top.location.href=t.value))}},d.addEventListener(\"message\",d.wp.receiveEmbedMessage,!1),l.addEventListener(\"DOMContentLoaded\",function(){for(var e,t,s=l.querySelectorAll(\"iframe.wp-embedded-content\"),r=0;r<s.length;r++)(t=(e=s[r]).getAttribute(\"data-secret\"))||(t=Math.random().toString(36).substring(2,12),e.src+=\"#?secret=\"+t,e.setAttribute(\"data-secret\",t)),e.contentWindow.postMessage({message:\"ready\",secret:t},\"*\")},!1)))}(window,document);\n\/\/# sourceURL=https:\/\/reginedatin.com\/wp-includes\/js\/wp-embed.min.js\n\/* ]]> *\/\n<\/script>\n","thumbnail_url":"https:\/\/reginedatin.com\/wp-content\/uploads\/2021\/01\/Timbres-Renaissance-2013-La-Poste-1400px-0018.jpg","thumbnail_width":1399,"thumbnail_height":934,"description":"En 2013, la ville de Nancy c\u00e9l\u00e8bre la Renaissance. Projecteur sur un h\u00e9ritage exceptionnel qui place l&rsquo;ann\u00e9e touristique sous le signe de ce mouvement architectural du XVI\u00e8me si\u00e8cle. La St\u00e9 La Poste souhaite lancer un collector de 10 timbres autocollants sur le th\u00e8me de la Renaissance, et dans le cadre de sa cr\u00e9ation, me s\u00e9lectionne (par le biais de ma collaboration photographique avec l&rsquo;OT) pour la publication d&rsquo;un visuel &#8211; La Porterie du Palais Ducal &#8211; r\u00e9alis\u00e9 lors d&rsquo;un reportage [&hellip;]"}

Régine Datin Photographie

Régine

Timbre postal, Porterie du Palais Ducal - Nancy &#171; Régine Datin Photographie

<blockquote class="wp-embedded-content" data-secret="O3VNKBAdWi"><a href="https://reginedatin.com/index.php/2016/01/02/timbre-postal-porterie-du-palais-ducal-nancy/">Timbre postal, Porterie du Palais Ducal &#8211; Nancy</a></blockquote><iframe sandbox="allow-scripts" security="restricted" src="https://reginedatin.com/index.php/2016/01/02/timbre-postal-porterie-du-palais-ducal-nancy/embed/#?secret=O3VNKBAdWi" width="600" height="338" title="« Timbre postal, Porterie du Palais Ducal &#8211; Nancy » &#8212; Régine Datin Photographie" data-secret="O3VNKBAdWi" frameborder="0" marginwidth="0" marginheight="0" scrolling="no" class="wp-embedded-content"></iframe><script type="text/javascript">
/* <![CDATA[ */
/*! This file is auto-generated */
!function(d,l){"use strict";l.querySelector&&d.addEventListener&&"undefined"!=typeof URL&&(d.wp=d.wp||{},d.wp.receiveEmbedMessage||(d.wp.receiveEmbedMessage=function(e){var t=e.data;if((t||t.secret||t.message||t.value)&&!/[^a-zA-Z0-9]/.test(t.secret)){for(var s,r,n,a=l.querySelectorAll('iframe[data-secret="'+t.secret+'"]'),o=l.querySelectorAll('blockquote[data-secret="'+t.secret+'"]'),c=new RegExp("^https?:$","i"),i=0;i<o.length;i++)o[i].style.display="none";for(i=0;i<a.length;i++)s=a[i],e.source===s.contentWindow&&(s.removeAttribute("style"),"height"===t.message?(1e3<(r=parseInt(t.value,10))?r=1e3:~~r<200&&(r=200),s.height=r):"link"===t.message&&(r=new URL(s.getAttribute("src")),n=new URL(t.value),c.test(n.protocol))&&n.host===r.host&&l.activeElement===s&&(d.top.location.href=t.value))}},d.addEventListener("message",d.wp.receiveEmbedMessage,!1),l.addEventListener("DOMContentLoaded",function(){for(var e,t,s=l.querySelectorAll("iframe.wp-embedded-content"),r=0;r<s.length;r++)(t=(e=s[r]).getAttribute("data-secret"))||(t=Math.random().toString(36).substring(2,12),e.src+="#?secret="+t,e.setAttribute("data-secret",t)),e.contentWindow.postMessage({message:"ready",secret:t},"*")},!1)))}(window,document);
//# sourceURL=https://reginedatin.com/wp-includes/js/wp-embed.min.js
/* ]]> */
</script>

En 2013, la ville de Nancy célèbre la Renaissance. Projecteur sur un héritage exceptionnel qui place l&rsquo;année touristique sous le signe de ce mouvement architectural du XVIème siècle. La Sté La Poste souhaite lancer un collector de 10 timbres autocollants sur le thème de la Renaissance, et dans le cadre de sa création, me sélectionne (par le biais de ma collaboration photographique avec l&rsquo;OT) pour la publication d&rsquo;un visuel &#8211; La Porterie du Palais Ducal &#8211; réalisé lors d&rsquo;un reportage [&hellip;]
